s be -38 + ((-4)/8*6)/(-1). List the prime factors of 2/(-10) + (-2212)/s.
3, 7
Let i(u) = -u**3 - 16*u**2 - 21*u - 22. Suppose 24 = -a + 9. What are the prime factors of i(a)?
2, 17
Let a = 47 - 28. Suppose 0 = -5*z + 1 + a. Suppose z*v = 7*v - 120. What are the prime factors of v?
2, 5
Suppose 0 = -q - 5*l + 465, l + 1423 = 3*q + 2*l. Suppose 8*m = 2811 - q. What are the prime factors of m?
2, 73
Let m be (-189)/18*(-8)/3. Let n = -3 + m. What are the prime factors of n?
5
Suppose -57*l + 8344 = -491. List the prime factors of l.
5, 31
Let k(n) = -5*n**2 - 12*n + 18*n**2 + 4 - 11*n**2. Let b be k(6). Suppose -b*i - i = -215. List the prime factors of i.
43
Suppose -4*q - 298 = -d, 5*d + 2*q - 78 = 1324. What are the prime factors of d?
2, 3, 47
Let g(x) = -6*x**3 + 7*x**2 + 13*x + 12. What are the prime factors of g(-4)?
2, 3, 19
Let p be ((-10)/3)/(28/(-2814)). Suppose -2*r + 5*a + 259 = 0, p = 4*r + 4*a - 197. What are the prime factors of ((-7)/(-3) - 2)*r?
2, 11
Suppose 3*j = 2*x + 5, 5*x = 3*j + 2*j. Let k = 18 + j. List the prime factors of k.
23
Suppose -4*d + 1489 = 10*c - 15*c, -3*c - 3 = 0. List the prime factors of d.
7, 53
Suppose -61*y - 1056 = -62*y. What are the prime factors of y?
2, 3, 11
Let i = 53 + -29. Let x = i - 39. Let f = x + 26. List the prime factors of f.
11
Let z = 182 + -114. Suppose -2*o + 44 = -z. List the prime factors of o.
2, 7
Suppose 28501 = 325*l - 314*l. What are the prime factors of l?
2591
Let t(r) = 16*r**2 - 3*r**2 + 1 + 10*r - 2 - 1 + r**3. Suppose -3*i = -6*i - 36. What are the prime factors of t(i)?
2, 11
Let g(l) = -l**2 + 6*l - 11. Let v be g(4). Let z(n) = -56*n - 6. List the prime factors of z(v).
2, 3
Let j be 3288/27 - 2/(-9). Let p = j + -189. Let v = -28 - p. What are the prime factors of v?
3, 13
Suppose 67 = -h + 4*p, 0 = -2*h - h - 3*p - 186. Let t = h - -134. List the prime factors of t.
71
Suppose -8*w - 14 = -15*w. Suppose s + w*i = -2*i + 8, 5*i - 9 = -s. List the prime factors of s.
2
Let r(w) = 2*w. Let n(l) = 7*l - 5. Let f(h) = n(h) - 4*r(h). Let s be (-2 - (-2 + 8)) + 1. What are the prime factors of f(s)?
2
Let o(v) = -3*v**2 + 121*v + 108. What are the prime factors of o(36)?
2, 3
Let y(x) be the third derivative of 11*x**4/12 - 5*x**3/6 - 9*x**2. Let j be y(4). Suppose -r = 5*z + 5 - 33, 0 = 2*r + z - j. What are the prime factors of r?
43
Let u(l) = -2*l**2 - 20*l + 18. List the prime factors of u(-10).
2, 3
Let k(z) = 499*z + 7. List the prime factors of k(1).
2, 11, 23
Let i(a) = 4*a - 30. Let h be i(7). Let n(q) = -10*q**3 - q**2 - 6*q - 3. List the prime factors of n(h).
5, 17
Let f(l) = 71*l + 257. List the prime factors of f(8).
3, 5, 11
List the prime factors of (-12460)/(-63) - 2/(-9).
2, 3, 11
Let g(v) = -v**3 + 4*v + 3. Let p be g(-2). Suppose -4*i - 3*f = -5*i + 7, -p*i + 15 = -3*f. Suppose -j + i*j = 48. List the prime factors of j.
2
Let c = -4415 - -6483. List the prime factors of c.
2, 11, 47
Suppose 36*w - 1347 = 1749. What are the prime factors of w?
2, 43
Suppose 1047 = 3*x - 3*n, 3*x - x + 4*n = 716. List the prime factors of x/(6/3) - 1 - -2.
3, 59
Suppose 2*j = -2*k + 2, -5*k = -2*j - 3 + 5. Let t be 42*j - -1 - -2. Let g = t - 32. List the prime factors of g.
13
Let n(u) = -164*u - 119. Let i(w) = -82*w - 59. Let d(c) = -11*i(c) + 6*n(c). List the prime factors of d(-5).
3, 5, 23
Suppose 5*k = y + 3*k + 26, 0 = k - 3. Let w = -621 + 893. What are the prime factors of 2/5 - w/y?
2, 7
Let i(y) = -2*y**3 - 27*y**2 + 8*y - 27. Suppose 3*c + 37 = -h, 3*c - 3*h - 27 = 6*c. List the prime factors of i(c).
3, 19
Suppose 0 = -2*c + 5*u - 17, 5*u - 16 = -2*c + 17. Suppose 0 = -3*r - c*x + 15, -x - 2*x = 2*r - 10. Suppose 264 = r*h + 54. What are the prime factors of h?
2, 3, 7
Let o(t) = -t**3 - 6*t**2 + 7*t - 16. What are the prime factors of o(-10)?
2, 157
Suppose 0 = 18*o - 16*o - 5*i - 485, -4*i = -3*o + 724. List the prime factors of o.
2, 3, 5
Suppose 0 = -2*i - 2*u + 5*u + 42, i = -2*u + 21. Suppose -i + 2 = -y. Let f = -17 + y. List the prime factors of f.
2
Let z(f) = -f**3 - 10*f**2 + 37*f + 36. What are the prime factors of z(-16)?
2, 5, 7
Let g = -12 - -15. Suppose n = -g*n. Suppose 5*a - 137 = 3*h, 3*h = 3 - n. List the prime factors of a.
2, 7
Let b(x) = x**3 + 5*x**2 - 8*x + 5. Let a be ((-30)/4)/(6/(-24)). Suppose 3*c = -2*c - a. List the prime factors of b(c).
17
Let k be (1/6)/(10/60). List the prime factors of -2*305/(-10)*k.
61
Let w(b) = b**3 - 7*b**2 - b - 5. Let l = 12 + -5. Let s be w(l). List the prime factors of 1/(-4) + (-459)/s.
2, 19
Suppose v + v - 2038 = 2*g, 3*g = -15. What are the prime factors of v?
2, 3, 13
Let s be (-2)/(-3) - 308/12. Let u = s + 16. List the prime factors of (-26)/117 + (-272)/u.
2, 3, 5
Let g(y) = y**3 - 16*y**2 + 5*y - 10. Let u be g(7). What are the prime factors of (17 + u)*2/(-6)?
7, 19
Let h be -2*24 - (4 + -4)/(-7). What are the prime factors of 3*-10*(3 + h/5)?
2, 3, 11
Let n(s) = s**3 - 11*s**2 + 2*s + 15. List the prime factors of n(13).
379
Let t(j) = 22*j**2. Let g be t(1). Let a be (-22)/(-231) - 122/(-42). Suppose 0 = -4*h, -4*k = -a*h - 126 - g. What are the prime factors of k?
37
Suppose 0 = -5*s - 204 - 301. Let n = -11 - s. What are the prime factors of n?
2, 3, 5
Let a = -1 - -1. Let o = 311 + -288. Suppose o*x - 27*x + 280 = a. List the prime factors of x.
2, 5, 7
Let r = 69 - 68. What are the prime factors of (-8)/(-12)*(1 + r + 4)?
2
Let k(r) = r**2 + 3*r + 2. Let p(f) = f + 2*f - 4*f. Let j be p(5). List the prime factors of k(j).
2, 3
Let t be ((-10)/15)/(1/(-3)). Suppose -l - 4 = -3*f, t*l + 8 = 5*f - l. Let j(h) = 30*h**2 + h - 1. What are the prime factors of j(f)?
2, 3, 5
Let p = 1293 + -823. What are the prime factors of p?
2, 5, 47
Let l = -1679 + 3501. List the prime factors of l.
2, 911
Suppose -3*t + t = -14. Let b(j) = -5 + t*j + 3*j + j. What are the prime factors of b(3)?
2, 7
Let c(f) = 79 - 5*f**3 - 6*f + 4*f**3 - 69 - 9*f**2. Let l be c(-8). List the prime factors of l/(-2) + 12 + -2.
13
Let m(s) = 6*s**2 - 3*s - 5. Let k(g) = 2*g**2 - 29*g + 17. Let p be k(14). List the prime factors of m(p).
2, 5
Let k be ((-92)/69)/((-4)/(-30)). Let b(l) be the first derivative of -l**3/3 - 8*l**2 - 9*l + 2. List the prime factors of b(k).
3, 17
Let n(l) = -80*l + 331. List the prime factors of n(-20).
1931
Let z be 8/36*-1 + 79/(-9). Let w(g) = -16*g - 50. List the prime factors of w(z).
2, 47
Suppose -2*d + 4*d - 5*t - 196 = 0, -d - 4*t = -124. Suppose 4*k - 41 + 13 = -5*j, 5*k + 2 = 3*j. Suppose 0*p - j*p + d = 0. List the prime factors of p.
3
Suppose -2*i = -i - 8. Suppose -4*g + y = 152, -4*y = -2*y + 8. Let m = i - g. List the prime factors of m.
47
Let h = -19 + 26. Suppose 4*u + 4*n = 140, h*u - 3*u - 116 = 4*n. What are the prime factors of u?
2
Suppose p + 111 = 4*p. Let l = p + -9. List the prime factors of l.
2, 7
Let t be (672/49)/((-2)/(-14)). Let q = -51 + t. List the prime factors of q.
3, 5
Let n = -49 + 32. Let i(z) = -z**2 - 16*z + 20. Let p be i(n). Suppose 6*g - 92 = 4*g + 2*u, -4*g = -p*u - 187. What are the prime factors of g?
7
Let q = -121 + 367. Suppose -13*n = -10*n - q. List the prime factors of 18/6 + n/2.
2, 11
Suppose 2*y - 12 = y. Suppose 24 = y*x - 9*x. List the prime factors of 2*(-3 - (-196)/x).
43
Suppose 2*u + 6 = 0, 2*t - u = 6*t - 4893. What are the prime factors of t?
2, 3, 17
Suppose -3*r = -32 - 76. What are the prime factors of r?
2, 3
Let j = 98 + -105. Let g(k) = -k + 17. What are the prime factors of g(j)?
2, 3
Let d be (1 - 2)*-3 - 1. Suppose 5*t - 2*n + 10 = 0, 0 - 4 = d*t - 2*n. List the prime factors of (1/3)/(t/(-102)).
17
List the prime factors of (0 + -1)/((-3)/912).
2, 19
Let j = 19 + 282. List the prime factors of j.
7, 43
Let i(a) = -a - 11. Let w be i(-11). Suppose -4*c + 8 + 4 = w. Suppose 66 = 5*m - c*m. What are the prime factors of m?
3, 11
Let k = 10 + -57. Let h = k + 77. What are the prime factors of h?
2, 3, 5
Let a be (-27 - -23) + (-1 - -6). List the prime factors of a/5 + ((-3672)/(-15))/6.
41
List the prime factors of (-11232)/(-21) - (40/(-35) - -1).
5, 107
Let n be (-1)/(((-8)/16)/(1/2)). List the prime factors of -1*(n - 0) + 27.
2, 13
Let n(v) = 996*v - 88. What are the prime factors of n(3)?
2, 5, 29
Supp